{"id":786,"date":"2020-01-26T16:24:03","date_gmt":"2020-01-26T16:24:03","guid":{"rendered":"https:\/\/workvalue.net\/marketingmindset\/?post_type=product&#038;p=786"},"modified":"2022-04-24T20:35:08","modified_gmt":"2022-04-24T19:35:08","slug":"digital-marketing-analytics","status":"publish","type":"product","link":"https:\/\/workvalue.net\/books\/product\/digital-marketing-analytics\/","title":{"rendered":"Digital Marketing Analytics"},"content":{"rendered":"<p>Este livro dirige-se a quem procura perceber a l\u00f3gica de medi\u00e7\u00e3o do ecossistema digital associado \u00e0s iniciativas de marketing com o objectivo de facilitar a compreens\u00e3o dos processos de an\u00e1lise e ajudar o leitor a integrar todo este conhecimento ao seu pr\u00f3prio ritmo.<\/p>\n<p>Muitos gestores chegam ao marketing sem no\u00e7\u00e3o dos princ\u00edpios da ind\u00fastria digital e poucos t\u00eam tempo para adquirir e assimilar conhecimento face \u00e0s exig\u00eancias da sua agenda. isto dificulta no final a organiza\u00e7\u00e3o de ideias sobre qual o caminho mais adequado.<\/p>\n","protected":false},"excerpt":{"rendered":"<p>Leitura essencial para compreender racionais de base sobre os processos anal\u00edticos relacionados com os meios digitais, para orientar e sustentar ideias e decis\u00f5es face ao ambiente competitivo. Pref\u00e1cio de Avinash Kaushik &#8211; Digital Marketing Evangelist da Google<\/p>\n","protected":false},"featured_media":787,"template":"","meta":{"spay_email":""},"_links":{"self":[{"href":"https:\/\/workvalue.net\/books\/wp-json\/wp\/v2\/product\/786"}],"collection":[{"href":"https:\/\/workvalue.net\/books\/wp-json\/wp\/v2\/product"}],"about":[{"href":"https:\/\/workvalue.net\/books\/wp-json\/wp\/v2\/types\/product"}],"wp:featuredmedia":[{"embeddable":true,"href":"https:\/\/workvalue.net\/books\/wp-json\/wp\/v2\/media\/787"}],"wp:attachment":[{"href":"https:\/\/workvalue.net\/books\/wp-json\/wp\/v2\/media?parent=786"}],"curies":[{"name":"wp","href":"https:\/\/api.w.org\/{rel}","templated":true}]}}