{"id":511,"date":"2019-12-20T17:10:44","date_gmt":"2019-12-20T17:10:44","guid":{"rendered":"https:\/\/workvalue.net\/marketingmindset\/?post_type=product&#038;p=511"},"modified":"2020-04-22T14:15:39","modified_gmt":"2020-04-22T13:15:39","slug":"pack-especial-marketing-intelligence","status":"publish","type":"product","link":"https:\/\/workvalue.net\/books\/product\/pack-especial-marketing-intelligence\/","title":{"rendered":"Pack Especial Marketing Intelligence"},"content":{"rendered":"<p>Dois conte\u00fados que se complementam de forma muito objectiva em termos de pensamento estrat\u00e9gico, aliando todo o ecossistema dos dados e da componente anal\u00edtica aos factores essenciais para a constru\u00e7\u00e3o de um marketing mindset de vanguarda<\/p>\n","protected":false},"excerpt":{"rendered":"<p>A relev\u00e2ncia da intelig\u00eancia dos dados e a vis\u00e3o estrat\u00e9gica universal numa leitura conjugada.<\/p>\n","protected":false},"featured_media":513,"template":"","meta":{"spay_email":""},"_links":{"self":[{"href":"https:\/\/workvalue.net\/books\/wp-json\/wp\/v2\/product\/511"}],"collection":[{"href":"https:\/\/workvalue.net\/books\/wp-json\/wp\/v2\/product"}],"about":[{"href":"https:\/\/workvalue.net\/books\/wp-json\/wp\/v2\/types\/product"}],"wp:featuredmedia":[{"embeddable":true,"href":"https:\/\/workvalue.net\/books\/wp-json\/wp\/v2\/media\/513"}],"wp:attachment":[{"href":"https:\/\/workvalue.net\/books\/wp-json\/wp\/v2\/media?parent=511"}],"curies":[{"name":"wp","href":"https:\/\/api.w.org\/{rel}","templated":true}]}}