{"id":482,"date":"2019-12-20T11:24:44","date_gmt":"2019-12-20T11:24:44","guid":{"rendered":"https:\/\/workvalue.net\/marketingmindset\/?post_type=product&#038;p=482"},"modified":"2020-05-18T15:53:45","modified_gmt":"2020-05-18T14:53:45","slug":"a-revolucao-no-marketing-mindset","status":"publish","type":"product","link":"https:\/\/workvalue.net\/books\/product\/a-revolucao-no-marketing-mindset\/","title":{"rendered":"A Revolu\u00e7\u00e3o no Marketing Mindset"},"content":{"rendered":"<p>Em tempos de mudan\u00e7as r\u00e1pidas na forma de fazer neg\u00f3cios, h\u00e1 uma pergunta que passou a ser determinante para a constru\u00e7\u00e3o de uma mentalidade de marketing preparada para enfrentar um mundo que est\u00e1 a ficar mais digitalizado \u2013 Para onde devo focar a minha aten\u00e7\u00e3o?<\/p>\n<p>Trata-se de um conte\u00fado para profissionais ou empreendedores que pretendem vir a ser <em>marketers<\/em> e que procuram ideias para estimular o seu pensamento estrat\u00e9gico na cria\u00e7\u00e3o de neg\u00f3cios, abertura de mercados e estabelecer rela\u00e7\u00f5es com pessoas e empresas<\/p>\n","protected":false},"excerpt":{"rendered":"<p class=\"main-title\">Invista na constru\u00e7\u00e3o do seu pensamento estrat\u00e9gico.\u00a0Comece hoje mesmo a enriquecer as suas compet\u00eancias de marketing para os pr\u00f3ximos desafios que se avizinham.<\/p>\n","protected":false},"featured_media":435,"template":"","meta":{"spay_email":""},"_links":{"self":[{"href":"https:\/\/workvalue.net\/books\/wp-json\/wp\/v2\/product\/482"}],"collection":[{"href":"https:\/\/workvalue.net\/books\/wp-json\/wp\/v2\/product"}],"about":[{"href":"https:\/\/workvalue.net\/books\/wp-json\/wp\/v2\/types\/product"}],"wp:featuredmedia":[{"embeddable":true,"href":"https:\/\/workvalue.net\/books\/wp-json\/wp\/v2\/media\/435"}],"wp:attachment":[{"href":"https:\/\/workvalue.net\/books\/wp-json\/wp\/v2\/media?parent=482"}],"curies":[{"name":"wp","href":"https:\/\/api.w.org\/{rel}","templated":true}]}}